{"id":2017,"date":"2024-11-22T15:45:16","date_gmt":"2024-11-22T14:45:16","guid":{"rendered":"https:\/\/www.sequana-epargne.com\/sequana-epargne.com\/?page_id=2017"},"modified":"2025-08-25T10:54:24","modified_gmt":"2025-08-25T08:54:24","slug":"architecture-ouverte","status":"publish","type":"page","link":"https:\/\/www.sequana-epargne.com\/?page_id=2017","title":{"rendered":"Architecture ouverte"},"content":{"rendered":"\t\t<div data-elementor-type=\"wp-page\" data-elementor-id=\"2017\" class=\"elementor elementor-2017\">\n\t\t\t\t<div class=\"elementor-element elementor-element-40e1860 e-flex e-con-boxed e-con e-parent\" data-id=\"40e1860\" data-element_type=\"container\">\n\t\t\t\t\t<div class=\"e-con-inner\">\n\t\t\t\t<div class=\"elementor-element elementor-element-bc99c1e elementor-widget elementor-widget-text-editor\" data-id=\"bc99c1e\" data-element_type=\"widget\" data-widget_type=\"text-editor.default\">\n\t\t\t\t<div class=\"elementor-widget-container\">\n\t\t\t\t\t\t\t<h1><strong>Nous s\u00e9lectionnons pour vous les meilleures solutions d&#8217;\u00e9pargne chez des <a href=\"https:\/\/www.sequana-epargne.com\/?page_id=929\">partenaires de premier choix<\/a>.\u00a0<\/strong><\/h1>\t\t\t\t\t\t<\/div>\n\t\t\t\t<\/div>\n\t\t\t\t\t<\/div>\n\t\t\t\t<\/div>\n\t\t<div class=\"elementor-element elementor-element-146722f e-flex e-con-boxed e-con e-parent\" data-id=\"146722f\" data-element_type=\"container\">\n\t\t\t\t\t<div class=\"e-con-inner\">\n\t\t\t\t<div class=\"elementor-element elementor-element-a512ba4 elementor-widget elementor-widget-text-editor\" data-id=\"a512ba4\" data-element_type=\"widget\" data-widget_type=\"text-editor.default\">\n\t\t\t\t<div class=\"elementor-widget-container\">\n\t\t\t\t\t\t\t<p>L&#8217; &#8220;<strong>architecture ouverte<\/strong>&#8221; consiste \u00e0 offrir<strong> les meilleures solutions d&#8217;\u00e9pargne disponibles sur le march\u00e9,<\/strong> par opposition \u00e0 l&#8217;architecture ferm\u00e9e des banques qui souvent privil\u00e9gient ou se limitent \u00e0 leurs produits maison. Nous s\u00e9lectionnons ces fonds et services aupr\u00e8s des <strong>institutions financi\u00e8res ( essentiellement <a href=\"https:\/\/www.sequana-epargne.com\/?page_id=931\">soci\u00e9t\u00e9s de gestion<\/a>\u00a0et <a href=\"https:\/\/www.sequana-epargne.com\/?page_id=933\">assureurs<\/a>) les plus performantes et les plus solides du monde dont quelques exemples figurent ci-dessous<\/strong>.\u00a0 Toutes ont d\u00e9montr\u00e9 leur <strong>capacit\u00e9 \u00e0 g\u00e9n\u00e9rer de la performance, \u00e0 g\u00e9rer les risques dans la dur\u00e9e et \u00e0 apporter satisfaction aux clients les plus exigeants<\/strong>.<\/p>\t\t\t\t\t\t<\/div>\n\t\t\t\t<\/div>\n\t\t\t\t\t<\/div>\n\t\t\t\t<\/div>\n\t\t<div class=\"elementor-element elementor-element-5d6183d e-flex e-con-boxed e-con e-parent\" data-id=\"5d6183d\" data-element_type=\"container\">\n\t\t\t\t\t<div class=\"e-con-inner\">\n\t\t\t\t<div class=\"elementor-element elementor-element-16e5e4d elementor-widget elementor-widget-image\" data-id=\"16e5e4d\" data-element_type=\"widget\" data-widget_type=\"image.default\">\n\t\t\t\t<div class=\"elementor-widget-container\">\n\t\t\t\t\t\t\t\t\t\t\t\t\t\t<a href=\"https:\/\/www.sequana-epargne.com\/?page_id=929\" target=\"_blank\">\n\t\t\t\t\t\t\t<img fetchpriority=\"high\" decoding=\"async\" width=\"1024\" height=\"473\" src=\"https:\/\/www.sequana-epargne.com\/wp-content\/uploads\/2024\/11\/logos4-2-1024x473.png\" class=\"attachment-large size-large wp-image-2202\" alt=\"\" srcset=\"https:\/\/www.sequana-epargne.com\/wp-content\/uploads\/2024\/11\/logos4-2-1024x473.png 1024w, https:\/\/www.sequana-epargne.com\/wp-content\/uploads\/2024\/11\/logos4-2-300x139.png 300w, https:\/\/www.sequana-epargne.com\/wp-content\/uploads\/2024\/11\/logos4-2-768x355.png 768w, https:\/\/www.sequana-epargne.com\/wp-content\/uploads\/2024\/11\/logos4-2-1536x709.png 1536w, https:\/\/www.sequana-epargne.com\/wp-content\/uploads\/2024\/11\/logos4-2.png 1704w\" sizes=\"(max-width: 1024px) 100vw, 1024px\" \/>\t\t\t\t\t\t\t\t<\/a>\n\t\t\t\t\t\t\t\t\t\t\t\t\t<\/div>\n\t\t\t\t<\/div>\n\t\t\t\t\t<\/div>\n\t\t\t\t<\/div>\n\t\t<div class=\"elementor-element elementor-element-785c890 e-flex e-con-boxed e-con e-parent\" data-id=\"785c890\" data-element_type=\"container\">\n\t\t\t\t\t<div class=\"e-con-inner\">\n\t\t\t\t<div class=\"elementor-element elementor-element-0b1f08a elementor-widget elementor-widget-text-editor\" data-id=\"0b1f08a\" data-element_type=\"widget\" data-widget_type=\"text-editor.default\">\n\t\t\t\t<div class=\"elementor-widget-container\">\n\t\t\t\t\t\t\t<p>Nos <a href=\"http:\/\/dont quelques exemples figurent ci-dessous\" data-wplink-url-error=\"true\"><strong>partenaires<\/strong><\/a> sont s\u00e9lectionn\u00e9s sur la base <strong>crit\u00e8res de crit\u00e8res quantitatifs et qualitatifs rigoureux <\/strong>\u00a0(solidit\u00e9 financi\u00e8re, historique des dirigeants, qualit\u00e9 du traitement des op\u00e9rations et efficacit\u00e9 digitale pour les assureurs, <strong>respect de la r\u00e9glementation<\/strong>&#8230;). Tous ont d\u00e9montr\u00e9 depuis de longues ann\u00e9es leur <strong>capacit\u00e9 \u00e0 g\u00e9n\u00e9rer de la performance et \u00e0 g\u00e9rer les risque dans la dur\u00e9e. Il s&#8217;agit <\/strong>de soci\u00e9t\u00e9s de gestion essentiellement r\u00e9gul\u00e9es et agr\u00e9\u00e9es par <a href=\"https:\/\/www.amf-france.org\/fr\" target=\"_blank\" rel=\"noopener\"><strong>l&#8217;AMF (Autorit\u00e9 des March\u00e9s financiers)<\/strong><\/a> ou leur \u00e9quivalent dans d&#8217;autres de pays de l&#8217;OCDE, ou d&#8217;assureurs r\u00e9gul\u00e9s par <a href=\"https:\/\/www.amf-france.org\/fr\" target=\"_blank\" rel=\"noopener\"><strong>l&#8217;ACPR (Autorit\u00e9 de Contr\u00f4le Prudentiel et de R\u00e9solution)<\/strong><\/a>.<strong> Les fonds d&#8217;investissement que nous proposons &#8211; en direct ou via les Unit\u00e9s de Compte des contrats d&#8217;assurance-vie &#8211; disposent tous d&#8217;une autorisation de distribution en France<\/strong>, conform\u00e9ment \u00e0 la r\u00e9glementation plac\u00e9e sous la responsabilit\u00e9 de l&#8217;AMF.<\/p><p><strong>Nous ne s\u00e9lectionnons que les meilleurs fonds des gammes souvent tr\u00e8s \u00e9tendues<\/strong>, r\u00e9pondant aux exigences des clients les plus exigeants.\u00a0\u00a0<\/p><p><strong>Nous ne percevons pas d&#8217;argent de la part de nos clients<\/strong>: Les sommes investies suite \u00e0 nos conseils sont transf\u00e9r\u00e9es chez nos partenaires et prestataires de services r\u00e9gul\u00e9s et agr\u00e9\u00e9s par les autorit\u00e9s financi\u00e8res, qu&#8217;ils s&#8217;agisse des assureurs &#8211; pour les contrats d&#8217;assurance vie,\u00a0 les P.E.R. ou autres produits d&#8217;assurance &#8211; ou de banques pour les PEA et autres comptes titres destin\u00e9s \u00e0 domicilier les supports d&#8217;\u00e9pargne hors assurance vie.\u00a0<\/p><p><strong><a href=\"https:\/\/www.sequana-epargne.com\/?page_id=929\">Acc\u00e9der \u00e0 la pr\u00e9sentation de nos partenaires<\/a><\/strong><\/p>\t\t\t\t\t\t<\/div>\n\t\t\t\t<\/div>\n\t\t\t\t\t<\/div>\n\t\t\t\t<\/div>\n\t\t<div class=\"elementor-element elementor-element-a0d9d38 e-flex e-con-boxed e-con e-parent\" data-id=\"a0d9d38\" data-element_type=\"container\">\n\t\t\t\t\t<div class=\"e-con-inner\">\n\t\t<div class=\"elementor-element elementor-element-b155f28 e-con-full e-flex e-con e-child\" data-id=\"b155f28\" data-element_type=\"container\">\n\t\t\t\t<div class=\"elementor-element elementor-element-d4b0d37 elementor-widget elementor-widget-image\" data-id=\"d4b0d37\" data-element_type=\"widget\" data-widget_type=\"image.default\">\n\t\t\t\t<div class=\"elementor-widget-container\">\n\t\t\t\t\t\t\t\t\t\t\t\t\t\t<a href=\"https:\/\/www.amf-france.org\/fr\" target=\"_blank\">\n\t\t\t\t\t\t\t<img decoding=\"async\" width=\"646\" height=\"100\" src=\"https:\/\/www.sequana-epargne.com\/wp-content\/uploads\/2024\/11\/amf.png\" class=\"attachment-large size-large wp-image-1760\" alt=\"\" srcset=\"https:\/\/www.sequana-epargne.com\/wp-content\/uploads\/2024\/11\/amf.png 646w, https:\/\/www.sequana-epargne.com\/wp-content\/uploads\/2024\/11\/amf-300x46.png 300w\" sizes=\"(max-width: 646px) 100vw, 646px\" \/>\t\t\t\t\t\t\t\t<\/a>\n\t\t\t\t\t\t\t\t\t\t\t\t\t<\/div>\n\t\t\t\t<\/div>\n\t\t\t\t<\/div>\n\t\t<div class=\"elementor-element elementor-element-c327e9a e-con-full e-flex e-con e-child\" data-id=\"c327e9a\" data-element_type=\"container\">\n\t\t\t\t<div class=\"elementor-element elementor-element-fb59c0b elementor-widget elementor-widget-image\" data-id=\"fb59c0b\" data-element_type=\"widget\" data-widget_type=\"image.default\">\n\t\t\t\t<div class=\"elementor-widget-container\">\n\t\t\t\t\t\t\t\t\t\t\t\t\t\t<a href=\"https:\/\/www.amf-france.org\/fr\" target=\"_blank\">\n\t\t\t\t\t\t\t<img decoding=\"async\" width=\"450\" height=\"103\" src=\"https:\/\/www.sequana-epargne.com\/wp-content\/uploads\/2024\/11\/acpr.png\" class=\"attachment-large size-large wp-image-1761\" alt=\"\" srcset=\"https:\/\/www.sequana-epargne.com\/wp-content\/uploads\/2024\/11\/acpr.png 450w, https:\/\/www.sequana-epargne.com\/wp-content\/uploads\/2024\/11\/acpr-300x69.png 300w\" sizes=\"(max-width: 450px) 100vw, 450px\" \/>\t\t\t\t\t\t\t\t<\/a>\n\t\t\t\t\t\t\t\t\t\t\t\t\t<\/div>\n\t\t\t\t<\/div>\n\t\t\t\t<\/div>\n\t\t\t\t\t<\/div>\n\t\t\t\t<\/div>\n\t\t\t\t<\/div>\n\t\t","protected":false},"excerpt":{"rendered":"<p>Nous s\u00e9lectionnons pour vous les meilleures solutions d&#8217;\u00e9pargne chez des partenaires de premier choix.\u00a0 L&#8217; &#8220;architecture ouverte&#8221; consiste \u00e0 offrir les meilleures solutions d&#8217;\u00e9pargne disponibles sur le march\u00e9, par opposition \u00e0 l&#8217;architecture ferm\u00e9e des banques qui souvent privil\u00e9gient ou se limitent \u00e0 leurs produits maison. Nous s\u00e9lectionnons ces fonds et services aupr\u00e8s des institutions financi\u00e8res [&hellip;]<\/p>\n","protected":false},"author":1,"featured_media":0,"parent":0,"menu_order":0,"comment_status":"closed","ping_status":"closed","template":"","meta":{"ocean_post_layout":"","ocean_both_sidebars_style":"","ocean_both_sidebars_content_width":0,"ocean_both_sidebars_sidebars_width":0,"ocean_sidebar":"","ocean_second_sidebar":"","ocean_disable_margins":"enable","ocean_add_body_class":"","ocean_shortcode_before_top_bar":"","ocean_shortcode_after_top_bar":"","ocean_shortcode_before_header":"","ocean_shortcode_after_header":"","ocean_has_shortcode":"","ocean_shortcode_after_title":"","ocean_shortcode_before_footer_widgets":"","ocean_shortcode_after_footer_widgets":"","ocean_shortcode_before_footer_bottom":"","ocean_shortcode_after_footer_bottom":"","ocean_display_top_bar":"default","ocean_display_header":"default","ocean_header_style":"","ocean_center_header_left_menu":"","ocean_custom_header_template":"","ocean_custom_logo":0,"ocean_custom_retina_logo":0,"ocean_custom_logo_max_width":0,"ocean_custom_logo_tablet_max_width":0,"ocean_custom_logo_mobile_max_width":0,"ocean_custom_logo_max_height":0,"ocean_custom_logo_tablet_max_height":0,"ocean_custom_logo_mobile_max_height":0,"ocean_header_custom_menu":"","ocean_menu_typo_font_family":"","ocean_menu_typo_font_subset":"","ocean_menu_typo_font_size":0,"ocean_menu_typo_font_size_tablet":0,"ocean_menu_typo_font_size_mobile":0,"ocean_menu_typo_font_size_unit":"px","ocean_menu_typo_font_weight":"","ocean_menu_typo_font_weight_tablet":"","ocean_menu_typo_font_weight_mobile":"","ocean_menu_typo_transform":"","ocean_menu_typo_transform_tablet":"","ocean_menu_typo_transform_mobile":"","ocean_menu_typo_line_height":0,"ocean_menu_typo_line_height_tablet":0,"ocean_menu_typo_line_height_mobile":0,"ocean_menu_typo_line_height_unit":"","ocean_menu_typo_spacing":0,"ocean_menu_typo_spacing_tablet":0,"ocean_menu_typo_spacing_mobile":0,"ocean_menu_typo_spacing_unit":"","ocean_menu_link_color":"","ocean_menu_link_color_hover":"","ocean_menu_link_color_active":"","ocean_menu_link_background":"","ocean_menu_link_hover_background":"","ocean_menu_link_active_background":"","ocean_menu_social_links_bg":"","ocean_menu_social_hover_links_bg":"","ocean_menu_social_links_color":"","ocean_menu_social_hover_links_color":"","ocean_disable_title":"default","ocean_disable_heading":"default","ocean_post_title":"","ocean_post_subheading":"","ocean_post_title_style":"","ocean_post_title_background_color":"","ocean_post_title_background":0,"ocean_post_title_bg_image_position":"","ocean_post_title_bg_image_attachment":"","ocean_post_title_bg_image_repeat":"","ocean_post_title_bg_image_size":"","ocean_post_title_height":0,"ocean_post_title_bg_overlay":0.5,"ocean_post_title_bg_overlay_color":"","ocean_disable_breadcrumbs":"default","ocean_breadcrumbs_color":"","ocean_breadcrumbs_separator_color":"","ocean_breadcrumbs_links_color":"","ocean_breadcrumbs_links_hover_color":"","ocean_display_footer_widgets":"default","ocean_display_footer_bottom":"default","ocean_custom_footer_template":"","footnotes":""},"class_list":["post-2017","page","type-page","status-publish","hentry","entry"],"_links":{"self":[{"href":"https:\/\/www.sequana-epargne.com\/index.php?rest_route=\/wp\/v2\/pages\/2017","targetHints":{"allow":["GET"]}}],"collection":[{"href":"https:\/\/www.sequana-epargne.com\/index.php?rest_route=\/wp\/v2\/pages"}],"about":[{"href":"https:\/\/www.sequana-epargne.com\/index.php?rest_route=\/wp\/v2\/types\/page"}],"author":[{"embeddable":true,"href":"https:\/\/www.sequana-epargne.com\/index.php?rest_route=\/wp\/v2\/users\/1"}],"replies":[{"embeddable":true,"href":"https:\/\/www.sequana-epargne.com\/index.php?rest_route=%2Fwp%2Fv2%2Fcomments&post=2017"}],"version-history":[{"count":58,"href":"https:\/\/www.sequana-epargne.com\/index.php?rest_route=\/wp\/v2\/pages\/2017\/revisions"}],"predecessor-version":[{"id":2838,"href":"https:\/\/www.sequana-epargne.com\/index.php?rest_route=\/wp\/v2\/pages\/2017\/revisions\/2838"}],"wp:attachment":[{"href":"https:\/\/www.sequana-epargne.com\/index.php?rest_route=%2Fwp%2Fv2%2Fmedia&parent=2017"}],"curies":[{"name":"wp","href":"https:\/\/api.w.org\/{rel}","templated":true}]}}